Let x(q) = -q**3 - 3*q**2 + 13*q + 5. Let d be x(3). What is the tens digit of 1/d + 1/(60/16866)?
8
Let i(r) = 4*r + 24. Let a be i(23). Suppose 7*o + a = 1873. What is the units digit of o?
1
Let v = 55 - 59. Let o be (-889)/(-14) - 2/v. Suppose -d + o = 3*d. What is the units digit of d?
6
Suppose -2*a - 9 = -3*c - 3*a, -2*c - 5 = -3*a. Suppose 0 = -c*q + 46 + 1196. What is the hundreds digit of q?
6
Suppose -49 = -2*f + 241. Suppose 2*t - f = 5*c, 2*t - c = 3*c + 144. What is the tens digit of t?
7
Let l(z) = 4*z**2 - 17*z - 4. Let v be l(-7). Let i = 782 - v. What is the hundreds digit of i?
4
Suppose -612005 = -70*c - 79235. What is the thousands digit of c?
7
Suppose 4007 = 4*r + 2*p - 1463, p + 5455 = 4*r. Suppose 7*u - 10*u + r = 0. What is the units digit of u?
5
Let b(h) = 150*h**3 + 3*h**2 - 2. Suppose 58 + 202 = 20*o. Suppose -13*p + 0 + o = 0. What is the hundreds digit of b(p)?
1
Let q = -41 + 122. Suppose 14*j + q = 5*j. What is the units digit of (-16)/(-6) - 3/j - -99?
2
Let t(m) = 31*m - 42. Let w be t(7). Let i(f) = -f**3 + 14*f**2 - 10*f - 10. Let g be i(13). Suppose 24*h - g*h = -w. What is the units digit of h?
5
Suppose -11 = 5*a + y + 104, 3*a + 71 = -y. Let o = a - -633. What is the hundreds digit of o?
6
Suppose 0 = 2*d - 0*d - 3024. Suppose 0 = 3*n + 3*q - 891, n - 6*n = -4*q - d. What is the hundreds digit of n?
3
Suppose 2*r = 3*p + 3682, -r - 513 = p - 2364. What is the thousands digit of r?
1
Suppose -3*v = -0*v + 2*g - 16, g = 5*v - 5. Suppose v*n + 12 = 3*w - w, -w = 3*n - 2. What is the tens digit of (1/3)/(n/(-192))?
6
Let b = 81 - -311. Suppose 4*n + 3*o - b = 0, -n = -2*n + 3*o + 98. What is the units digit of n?
8
Let a = 69469 + -46736. What is the units digit of a?
3
Suppose z - 7051 = -4*q, -3*z + 3*q + 2203 = -18890. What is the units digit of z?
5
Suppose 4 = 2*k - b + 4*b, 0 = -3*k - 3*b + 3. What is the units digit of 1/(-3)*k - (-4832)/48?
1
Let w be (-7)/(-2) + -1 - (-4)/8. Suppose 0*j + 333 = -w*j. Let q = 3 - j. What is the hundreds digit of q?
1
Let c(o) = 234*o - o**2 + 6*o**2 - 19 - 230*o. What is the units digit of c(4)?
7
Suppose 3*n - 7*n + v = 1209, 4*v = -3*n - 883. Let q = 668 + n. What is the units digit of q?
7
Let a be (8973/(-27))/(1/(-6)). Suppose 6*x = 604 + a. What is the tens digit of x?
3
Let g = -14 + 14. Suppose 6*j - 246 - 2994 = g. What is the tens digit of j?
4
Let w(u) = 525*u**3 - 4*u**2 + 255*u - 1041. What is the hundreds digit of w(4)?
5
Let r(s) = -96 + 10*s + 50 + 58*s**2 + 48. What is the tens digit of r(-3)?
9
Let l be (14/21)/(4/(-134))*9. Let j = l + 471. What is the tens digit of j?
7
Suppose -10 - 6 = 4*t, 5*r + t = 11. Let f(i) = i - 7. Let v be f(10). Suppose -3*j + v = 0, -r*j - 26 = y - 68. What is the units digit of y?
9
Suppose -n - 5*r = -2369 - 356, r = 5*n - 13781. What is the tens digit of n?
5
Let p(r) = 10*r**3 - 624*r**2 - 153*r + 10. What is the tens digit of p(64)?
5
Let n = 97 - -331. Suppose -5*l = -2*t - 1002, t - n = -5*l + 571. What is the hundreds digit of l?
2
Suppose -5*v = 5*n - 125, -5*n - 2*v - 33 + 143 = 0. Let y be (-117)/156*4/6*-210. Let q = y - n. What is the tens digit of q?
8
Suppose 0 = -3*w + 3*o + 483, -w + 668 = 3*w + 2*o. Suppose 4*l + w = x, 5*x + l + 2*l - 894 = 0. What is the tens digit of x?
7
Let s(z) = z**3 - 29*z + 18*z + 504 + 10*z. Let f be s(0). Suppose -3*l - l + f = 0. What is the tens digit of l?
2
Let a = -502 - -492. What is the units digit of 2049/3 - a/5*2?
7
Let p(v) be the third derivative of v**6/120 + v**5/5 - 11*v**4/6 + 41*v**3/6 - 42*v**2. What is the units digit of p(-15)?
6
Let v(h) = h**3 - 4*h**2 + 3*h - 10. Let j be v(7). Let z = 499 - j. What is the hundreds digit of z?
3
Suppose 0 = -3*o - 4*h - 7, 5*o - 5*h - 17 - 18 = 0. Suppose 2*d - 2421 = -3*x, o*d - 588 = -5*x + 3045. What is the thousands digit of d?
1
Let k be ((-67 - 5) + -8)*(-1 + -2). Let d(f) = 19*f - 5. Let t be d(15). Suppose 4*j - 3*a - a = t, -k = -4*j - 4*a. What is the tens digit of j?
6
Let y(s) = -s + 30. Let g = 24 - 5. Let u = g - 19. What is the tens digit of y(u)?
3
Let t(j) = 12*j**3 + 4*j**2 + 7*j - 18. Suppose 0 = 4*p + 4*k - 8, 0*k = -4*p + 5*k + 17. What is the hundreds digit of t(p)?
3
Let l(o) = 64*o**2 + 16*o - 28. What is the tens digit of l(3)?
9
Let n(z) = 72*z**2 - 32*z - 34. What is the ten thousands digit of n(-32)?
7
Let o(w) = -w**3 - 7*w**2 + 23*w + 6. Let s be o(13). Let q = -1870 - s. What is the hundreds digit of q?
2
Suppose -618 = -2*v - 5*n + 3*n, 0 = 2*v + 5*n - 618. Let h = -252 + v. What is the units digit of h?
7
Suppose 0 = 2*f + 2*r - 102922, 8*r + 205889 = 4*f + 3*r. What is the hundreds digit of f?
4
Suppose 734*l - 731*l - d = 175799, 5*l - 293000 = 2*d. What is the hundreds digit of l?
5
Suppose 4*o = 5*t - 33437, -3*t - 3*o + 9022 = -11078. What is the hundreds digit of t?
6
Let o = 49781 + -27721. What is the ten thousands digit of o?
2
Let s = 70893 - 30188. What is the thousands digit of s?
0
Let w = 6844 - -18833. What is the ten thousands digit of w?
2
Suppose 13 = -5*r + 28. Suppose -6*w + r*m = -5*w - 248, 4*m = 5*w - 1273. What is the tens digit of w?
5
Let u(b) = 4111*b + 2765. What is the hundreds digit of u(11)?
9
Let w = 567 + 11118. What is the units digit of w?
5
Let z = 816 + -276. Let u = z + 19. What is the units digit of u?
9
Suppose -x + 94 + 149 = h, 18 = -3*h. Let y = 19 - 13. Suppose x = y*p - 207. What is the units digit of p?
6
Suppose -940768 = -28*k - 130670 - 78598. What is the tens digit of k?
2
What is the thousands digit of ((-147752)/33)/((-12)/72)?
6
What is the units digit of (2 - -1)/((-48)/(-128)) + 7579?
7
Let z(a) = 1255*a**2 - 675*a - 3365. What is the tens digit of z(-5)?
8
Suppose -2*w = 4*t - 16692, 11*w - 15*w = 4*t - 16688. What is the hundreds digit of t?
1
Let b(z) = -10242*z - 1721. What is the ten thousands digit of b(-2)?
1
Let u(b) = 9*b - 32. Let c be u(9). Suppose o + 21 + c = 2*q, 3*o = -2*q - 210. Let r = o - -85. What is the tens digit of r?
1
Suppose 15*a - 8*a - 63825 = -16*a. What is the tens digit of a?
7
Let j be 7 + (4381 - 49/7). Suppose 15*l - j - 1664 = 0. What is the hundreds digit of l?
4
Suppose -22*u + 168440 = -17*u + 5*g, -2*g - 168440 = -5*u. What is the tens digit of u?
8
Suppose 3*a + 0 = -2*b - 6, -4*a = b + 8. Let r = a + -17. Let p = 32 + r. What is the tens digit of p?
1
Suppose -z + 52890 = 112*z - 31*z. What is the hundreds digit of z?
6
Suppose -27*v = -24*v - 111. Let x = v - -200. What is the units digit of x?
7
Suppose 66*y = 64*y + 6. Suppose y*g + 82 = 922. What is the units digit of g?
0
Let b = -9982 + 17181. Suppose 5*o - 28*o + b = 0. What is the hundreds digit of o?
3
Suppose 2*f - 11 = 3*k, 6*f - 5*k = 4*f + 9. Let m(i) = 10*i**2 + 6*i - 21. What is the tens digit of m(f)?
1
Suppose 2*o = -3*o + 6*h + 273618, o - 54698 = -2*h. What is the hundreds digit of o?
7
Let p be (-19)/(19/(-6)) - (-1 + 1). What is the tens digit of 3072/18 - p/9?
7
Suppose -6 = q - 1, -4*x = -q - 253. Let c be (-3)/(-6)*(3 + -1)*x. Suppose -2*d - 14 = -2*h - 40, 2*h + c = 5*d. What is the tens digit of d?
1
Suppose 25*z - z - 58128 = 0. Suppose -2*m = -3*v - 973, -4*m - m + 4*v = -z. What is the hundreds digit of m?
4
Let u = -34 + 26. Let j(w) = w**3 + 12*w**2 + 27*w + 9. Let y be j(u). Suppose h - 37 = y. What is the units digit of h?
6
Let g = 52 - 42. Let w = 16 - g. Suppose -3*r = 3, -2*k + 4*r - 24 = -w*k. What is the units digit of k?
7
Let c = 12832 - 5852. What is the tens digit of c?
8
Let g be 4*(-3 + (-44)/(-8)). Suppose -g*w + 8*w + 22 = 0. What is the tens digit of (-23 - -2)*(2 - (-5 + w))?
8
Let n = -36 + 33. Let x(b) = -b**2 - 9*b + 1. Let s(h) = h**2 + 8*h - 2. Let c(k) = n*x(k) - 2*s(k). What is the tens digit of c(5)?
8
Let n(u) = 249*u - 67*u + 508*u - 15. What is the tens digit of n(1)?
7
Let t = -25812 + 38215. What is the ten thousands digit of t?
1
Suppose 16*g + 268255 = 21*g + 56080. What is the hundreds digit of g?
4
Let a be (18/8)/((-27)/(-1224)). Let y = a + -78. Suppose 19*l + 770 = y*l. What is the hundreds digit of l?
1
Let w(v) = 7*v**2 + 26*v + 13. Let z(a) = 3*a**2 + 13*a + 6. Let s(c) = 6*w(c) - 13*z(c). Let n be 203/21 - (-4)/(-6). What is the tens digit of s(n)?
2
Let f(h) = 2 